17*s**2 - 17*s - 92. What is m(-4)?
248
Let b(m) = -m**2 - 91*m - 413. Determine b(-88).
-149
Let d(w) = w**3 + 17*w**2 - 5*w - 78. Calculate d(-17).
7
Let q(c) = 35*c - 3472. Calculate q(99).
-7
Let z(g) = g**3 - 7*g**2 - 17*g + 27. Determine z(8).
-45
Let h(x) = 42*x - 4574. What is h(107)?
-80
Let p(y) = -27*y - 104. Give p(-9).
139
Let y(z) = 79*z - 4972. Determine y(63).
5
Let c(j) = -j**3 + 2*j**2 + 11*j + 8. Calculate c(-4).
60
Let g(y) = 2*y**3 - 68*y**2 - 308*y + 162. What is g(38)?
10
Let p(a) = 2*a**2 + 36*a + 197. What is p(-10)?
37
Let a(z) = 13*z**2 + 212*z - 34. Calculate a(0).
-34
Let k(g) = 289*g + 5484. Calculate k(-19).
-7
Let r(y) = y**2 - 44*y + 268. Give r(7).
9
Let k(j) = -2*j**2 + 116*j + 436. What is k(62)?
-60
Let k(v) = -9*v**2 + 998*v + 104. Determine k(111).
-7
Let r(i) = -2*i**2 - 92*i - 596. Calculate r(-38).
12
Let n(m) = 246*m + 31472. What is n(-128)?
-16
Let l(j) = -4*j**2 + 5*j + 129. Give l(0).
129
Let h(n) = n**2 - 16*n + 25. Give h(15).
10
Let v(u) = u**2 - 4*u + 90. What is v(-14)?
342
Let w(a) = 25*a**3 + 624*a**2 - 23*a + 1. Determine w(-25).
-49
Let m(u) = 2*u**2 + 156*u - 316. Calculate m(-80).
4
Let z(f) = -18*f**2 + 290*f - 1159. What is z(9)?
-7
Let m(c) = -5*c - 118. What is m(-23)?
-3
Let y(c) = 2*c**3 + 121*c**2 + 79*c + 1117. Give y(-60).
-23
Let y(i) = -220*i - 856. Calculate y(-5).
244
Let x(j) = j**3 - j**2 - 22*j + 51. Determine x(3).
3
Let k(r) = -256*r + 31. What is k(-1)?
287
Let u(q) = -237*q - 16833. Determine u(-71).
-6
Let f(x) = -9*x + 124. Give f(35).
-191
Let z(n) = -n**3 - 8*n**2 + 7*n + 1. Calculate z(-6).
-113
Let i(c) = -34*c + 737. Calculate i(22).
-11
Let p(l) = -l**2 + 28*l - 211. Calculate p(17).
-24
Let n(u) = -1745*u - 29668. What is n(-17)?
-3
Let u(k) = 577*k - 25961. What is u(45)?
4
Let z(y) = 2*y**2 + 19*y - 957. Calculate z(-27).
-12
Let x(g) = -245*g + 485. Calculate x(2).
-5
Let x(p) = -p**2 + 20*p - 50. Give x(14).
34
Let u(t) = -3*t**2 + 20*t + 94. Determine u(-4).
-34
Let c(y) = -y**3 - 19*y**2 + 16*y - 100. What is c(-20)?
-20
Let z(f) = -f**3 - 16*f**2 + 13*f - 7. Calculate z(0).
-7
Let h(z) = 22*z**3 + 6*z**2 + 8*z + 1. What is h(-1)?
-23
Let a(s) = 778*s - 42009. What is a(54)?
3
Let q(t) = 4*t**3 - t**2 + 2*t - 3. Calculate q(-3).
-126
Let d(r) = 2*r**3 - 6*r**2 - 29*r + 12. What is d(9)?
723
Let j(g) = -g**3 - 7*g**2 - 30*g - 222. What is j(-8)?
82
Let v(x) = -9*x**2 + 445*x - 192. What is v(49)?
4
Let t(v) = 192*v + 4997. Calculate t(-26).
5
Let q(k) = -k**3 - 48*k**2 - 215*k - 13. Determine q(-5).
-13
Let u(m) = m**2 - 23*m - 270. What is u(32)?
18
Let c(k) = -k**3 - 14*k**2 - 24*k - 33. Determine c(-12).
-33
Let j(d) = -d**3 - 196*d**2 + 193*d - 796. Give j(-197).
-8
Let w(c) = 7*c**3 + 73*c**2 - 45*c - 18. Determine w(-11).
-7
Let l(m) = -m**3 - 19*m**2 - 54*m + 17. Give l(-5).
-63
Let m(i) = i**3 - 22*i**2 - 9*i - 43. Calculate m(23).
279
Let u(f) = -3*f**3 - 114*f**2 + 129*f + 465. Determine u(-39).
-3
Let f(x) = -17*x**2 + 146*x - 298. What is f(3)?
-13
Let a(x) = x**3 + 192*x**2 + 927*x - 67. Give a(-5).
-27
Let q(h) = -h**3 - 56*h**2 - 755*h - 177. Determine q(-34).
61
Let n(s) = 279*s - 117195. Give n(420).
-15
Let b(i) = -477*i - 65343. Give b(-137).
6
Let k(u) = -132*u - 1319. What is k(-10)?
1
Let n(g) = g**3 + 23*g**2 - 8*g - 201. Determine n(-23).
-17
Let i(r) = 2*r**3 - 14*r**2 - 15*r + 88. Give i(7).
-17
Let z(a) = 100*a + 6410. Calculate z(-64).
10
Let a(s) = 22*s + 262. Calculate a(-18).
-134
Let b(h) = -6*h**3 + 6*h**2 + 6*h + 1. What is b(2)?
-11
Let m(x) = x**3 - 13*x**2 - 30*x - 11. Give m(15).
-11
Let y(g) = g**3 + 50*g**2 + 48*g - 40. Calculate y(-49).
9
Let u(g) = 6*g + 104. Give u(0).
104
Let x(h) = -4*h**2 + 8*h + 18. Determine x(-8).
-302
Let r(c) = 3*c**3 - 57*c**2 + 58*c - 3. Calculate r(1).
1
Let r(b) = 178*b - 704. What is r(4)?
8
Let y(j) = -23*j - 709. Determine y(-30).
-19
Let p(b) = -193*b + 769. Calculate p(4).
-3
Let v(h) = -90*h - 627. What is v(-7)?
3
Let d(x) = 5799*x - 81176. Calculate d(14).
10
Let t(n) = -2*n**2 + 10*n + 69. Calculate t(9).
-3
Let i(z) = -197*z - 2651. Calculate i(-14).
107
Let j(c) = c**3 + 11*c**2 - 18*c - 59. Determine j(-11).
139
Let n(o) = 3*o + 73. Calculate n(20).
133
Let t(b) = -2*b**3 - 33*b**2 - 88*b + 8. Calculate t(-13).
-31
Let o(x) = 2*x**2 + 62*x - 121. Calculate o(2).
11
Let q(x) = -15*x**2 - 159*x - 28. Determine q(-11).
-94
Let n(c) = -12*c**3 + 147*c**2 + 23*c + 7. Give n(12).
715
Let k(z) = -2*z**2 - 22*z - 31. Calculate k(-6).
29
Let i(x) = 42*x**2 + 193*x - 54. Give i(-5).
31
Let j(f) = f**3 - 4*f**2 - 27. Give j(4).
-27
Let w(u) = -u**2 - 36*u - 86. Give w(-34).
-18
Let s(m) = -m**3 - 9*m**2 + m - 364. What is s(-14)?
602
Let l(y) = -2*y**3 + 19*y**2 + 12*y + 165. What is l(11)?
-66
Let v(h) = -h**3 + 10*h**2 - 2*h + 7. What is v(9)?
70
Let a(f) = -f**2 - 15*f + 185. Determine a(-23).
1
Let r(l) = -3*l**2 + 8*l - 14. Determine r(2).
-10
Let w(o) = o**2 + 16*o - 5. Calculate w(-8).
-69
Let u(l) = -l**3 + 2*l**2 + 21*l - 4. Give u(6).
-22
Let t(i) = -26*i - 1431. Give t(-55).
-1
Let z(v) = -230*v - 1575. Calculate z(-7).
35
Let g(m) = -2*m - 240. Calculate g(-92).
-56
Let b(l) = -28*l + 316. Calculate b(7).
120
Let b(s) = 2*s**2 - 98*s - 1281. Determine b(-12).
183
Let c(p) = 518*p - 337. Give c(1).
181
Let m(l) = 3364*l + 90831. Determine m(-27).
3
Let m(h) = 3*h**2 + 1000*h + 78124. Calculate m(-125).
-1
Let l(f) = -f**3 - 24*f**2 - 31*f + 34. Calculate l(-23).
218
Let h(z) = 3*z**2 - 189*z + 224. Give h(62).
38
Let g(a) = -581*a**3 + 6390*a**2 + 12*a + 13. Give g(11).
24
Let l(b) = 322*b + 6122. Calculate l(-19).
4
Let n(b) = 2*b**3 + 77*b**2 + 42*b + 44. Determine n(-38).
-108
Let y(q) = 4*q**2 - 305*q - 2606. Determine y(84).
-2
Let l(i) = -i**3 - 3*i**2 + 25*i + 65. Give l(-7).
86
Let q(r) = -6*r**3 - 61*r**2 - 12*r - 60. Give q(-10).
-40
Let u(p) = -p**3 + 5*p**2 + 28*p - 131. What is u(7)?
-33
Let m(l) = 3*l**2 - 25*l - 33. Calculate m(12).
99
Let d(p) = -p**3 - 35*p**2 - 154*p - 4. Calculate d(-5).
16
Let r(n) = 18*n**3 + 2*n**2 + 7*n - 7. Determine r(1).
20
Let w(k) = 3524*k - 126852. Determine w(36).
12
Let w(k) = k**2 - 71*k + 1276. Determine w(35).
16
Let p(b) = b**2 + 15*b + 12. What is p(-6)?
-42
Let s(n) = 77*n - 1554. Determine s(20).
-14
Let g(l) = -l**2 + 434*l + 9172. Calculate g(-20).
92
Let i(b) = 616*b + 1852. Calculate i(-3).
4
Let y(w) = -42*w - 205. What is y(-5)?
5
Let z(k) = -k**3 + 135*k**2 - 2210*k + 699. Determine z(116).
3
Let t(z) = -z**3 - 24*z**2 + 40*z + 1830. Give t(-22).
-18
Let w(t) = -t**2 - 53*t - 258. Determine w(-5).
-18
Let t(c) = -10177*c - 10179. Determine t(-1).
-2
Let n(z) = -z**3 - z**2 + 4*z - 59. Give n(0).
-59
Let x(y) = -y**2 - 30*y - 217. Give x(-19).
-8
Let f(h) = -50*h - 1944. Give f(-39).
6
Let j(d) = d**2 - 4*d - 40. Determine j(-11).
125
Let m(q) = -23*q - 144. Calculate m(-16).
224
Let r(m) = -7*m**2 - 45*m - 85. Determine r(-2).
-23
Let h(y) = 786*y - 4712. Calculate h(6).
4
Let q(l) = l**2 + 32*l + 44. Determine q(-32).
44
Let r(j) = -j**3 + 32*j**2 - 27*j - 147. What is r(31)?
-23
Let u(w) = 109*w + 548. Give u(-5).
3
Let y(s) = s**3 - 12*s**2 - 20*s + 222. Give y(10).
-178
Let v(j) = -1001*j + 27022. Calculate v(27).
-5
Let c(h) = h**2 + 10*h + 21. Calculate c(-7).
0
Let h(b) = -631*b + 3170. Give h(5).
15
Let c(v) = -v**3 - 7*v**2 - 43*v - 237. Give c(-6).
-15
Let v(f) = -80*f - 13. Give v(-2).
147
Let h(w) = 8*w**3 + 4*w**2 + 6*w + 3. Calculate h(-1).
-7
Let l(f) = -3960*f + 23767. What is l(6)?
7
Let i(l) = -15*l - 1508. What is i(-102)?
22
Let y(i) = 2787*i + 16727. Give y(-6).
5
Let f(x) = -361*x - 591. Give f(0).
-591
Let u(c) = -c**3 - 31*c**2 + 214*c + 1229. Give u(-36).
5
Let i(k) = -63*k**2 + 436*k + 29. What is i(7)?
-6
Let a(y) = -7*y**2 - 73*y + 8. Calculate a(-10).
38
Let f(t) = -5*t + 54. Determine f(34).
-116
Let t(s) = 4*s**2 + s + 9. Determine t(0).
9
Let x(p) = -p**3 - 27*p**2 - 91*p - 22. Give x(-23).
-45
Let f(i) = -i**3 - 20*i**2 - 81*i + 18. Determine f(-14).
-24
Let z(i) = -3*i**2 - 80*i - 537. Give z(-14).
-5
Let c(g) = 6*g**3 - 2*g**2 + 8*g - 5. What is c(2)?
51
Let n(t) = -2*t**2 - 133*t - 533. What is n(-62)?
25
Let o(p) = p**3 + 8*p**2 + 7*p - 19. Determine o(-9).
-163
Let c(